tor of 126 and 70?
14
What is the greatest common factor of 7 and 193?
1
What is the greatest common divisor of 1539 and 162?
81
Calculate the highest common divisor of 70 and 14.
14
What is the greatest common divisor of 6 and 1761?
3
What is the greatest common factor of 28 and 203?
7
What is the highest common factor of 89 and 178?
89
What is the greatest common factor of 90 and 1035?
45
What is the greatest common factor of 1504 and 470?
94
What is the greatest common divisor of 10 and 158?
2
What is the highest common divisor of 93 and 682?
31
What is the highest common factor of 180 and 630?
90
What is the highest common factor of 169 and 117?
13
Calculate the highest common factor of 21 and 51.
3
What is the greatest common divisor of 168 and 36?
12
What is the greatest common factor of 5054 and 42?
14
Calculate the greatest common divisor of 38 and 779.
19
Calculate the highest common factor of 127 and 168529.
127
Calculate the highest common factor of 44 and 6226.
22
Calculate the highest common factor of 1265 and 165.
55
What is the highest common factor of 40 and 36280?
40
Calculate the highest common divisor of 221 and 91.
13
What is the highest common factor of 20752 and 16?
16
What is the greatest common divisor of 22 and 242?
22
Calculate the highest common divisor of 396 and 2277.
99
Calculate the highest common factor of 213 and 284.
71
Calculate the highest common factor of 1023 and 99.
33
Calculate the highest common divisor of 870 and 25.
5
What is the greatest common divisor of 87 and 841?
29
What is the greatest common factor of 160 and 120?
40
What is the highest common divisor of 42 and 182?
14
What is the greatest common factor of 132 and 36?
12
Calculate the highest common factor of 684 and 588.
12
What is the highest common factor of 27 and 1359?
9
What is the highest common factor of 2230 and 30?
10
Calculate the highest common divisor of 182 and 143.
13
Calculate the greatest common divisor of 23661 and 33.
33
Calculate the highest common factor of 304 and 16.
16
Calculate the highest common divisor of 328 and 3362.
82
Calculate the greatest common factor of 132 and 10516.
44
What is the highest common divisor of 302 and 50887?
151
What is the greatest common divisor of 6 and 30?
6
Calculate the greatest common factor of 486 and 18.
18
What is the greatest common factor of 629 and 111?
37
Calculate the highest common divisor of 292 and 438.
146
What is the highest common divisor of 20 and 1810?
10
Calculate the greatest common factor of 30 and 615.
15
Calculate the greatest common factor of 253 and 54648.
253
Calculate the greatest common divisor of 567 and 405.
81
What is the highest common factor of 18 and 1746?
18
Calculate the highest common factor of 279 and 93.
93
What is the greatest common factor of 272 and 12?
4
What is the greatest common divisor of 1452 and 22?
22
What is the greatest common divisor of 1085 and 31?
31
What is the highest common factor of 15886 and 188?
94
Calculate the highest common divisor of 18 and 5787.
9
Calculate the greatest common divisor of 582 and 18.
6
What is the greatest common divisor of 3596 and 310?
62
Calculate the greatest common factor of 6 and 906.
6
Calculate the greatest common factor of 48 and 4116.
12
What is the greatest common factor of 27 and 1569?
3
Calculate the greatest common divisor of 19 and 931.
19
What is the highest common divisor of 26 and 13?
13
Calculate the highest common factor of 462 and 147.
21
Calculate the highest common factor of 160 and 16.
16
Calculate the greatest common divisor of 869 and 4661.
79
Calculate the greatest common divisor of 112 and 294.
14
Calculate the highest common factor of 57 and 108.
3
What is the greatest common divisor of 145 and 10?
5
Calculate the greatest common factor of 33 and 36630.
33
Calculate the highest common factor of 9 and 240.
3
Calculate the highest common factor of 1010 and 90.
10
What is the highest common divisor of 9620 and 60?
20
What is the greatest common factor of 3366 and 360?
18
Calculate the highest common factor of 1953 and 434.
217
What is the highest common divisor of 5 and 80?
5
What is the highest common divisor of 936 and 676?
52
Calculate the greatest common factor of 459 and 204.
51
Calculate the greatest common factor of 141 and 23829.
141
What is the greatest common factor of 41 and 123?
41
What is the highest common divisor of 24 and 8?
8
Calculate the greatest common divisor of 1892 and 344.
172
Calculate the highest common factor of 85 and 187.
17
What is the greatest common divisor of 25766 and 26?
26
Calculate the greatest common factor of 434 and 3286.
62
What is the highest common divisor of 5364 and 180?
36
Calculate the greatest common factor of 714 and 126.
42
What is the greatest common divisor of 23 and 14743?
23
What is the greatest common divisor of 49 and 3451?
7
What is the highest common divisor of 175 and 15?
5
What is the highest common factor of 385 and 220?
55
Calculate the greatest common divisor of 352 and 4512.
32
What is the greatest common divisor of 89 and 356?
89
What is the highest common divisor of 275 and 110?
55
What is the highest common divisor of 1407 and 126?
21
Calculate the highest common divisor of 11 and 2090.
11
What is the greatest common factor of 72 and 558?
18
What is the highest common divisor of 72 and 297?
9
What is the greatest common divisor of 567 and 108?
27
What is the highest common divisor of 336 and 1428?
84
What is the highest common divisor of 58 and 1595?
29
What is the greatest common factor of 867 and 17?
17
What is the greatest common factor of 1 and 227?
1
What is the highest common divisor of 238 and 170?
34
What is the greatest common factor of 213 and 15?
3
Calculate the highest common factor of 48 and 2384.
16
Calculate the greatest common divisor of 290 and 638.
58
Calculate the highest common factor of 42 and 16674.
42
Calculate the greatest common divisor of 692 and 12.
4
What is the greatest common divisor of 9 and 6651?
9
Calculate the highest common divisor of 560 and 8.
8
Calculate the greatest common factor of 9 and 8.
1
What is the highest common divisor of 12 and 172?
4
Calculate the highest common divisor of 7414 and 88.
22
Calculate the greatest common factor of 488 and 1525.
61
Calculate the greatest common divisor of 54 and 1809.
27
What is the highest common divisor of 28 and 1036?
28
Calculate the highest common divisor of 55 and 440.
55
What is the highest common factor of 768 and 168?
24
Calculate the highest common factor of 42 and 966.
42
What is the highest common divisor of 28 and 44?
4
Calculate the highest common factor of 280 and 72.
8
Calculate the greatest common divisor of 1024 and 1.
1
What is the greatest common factor of 2478 and 70?
14
Calculate the greatest common factor of 51 and 228.
3
What is the highest common factor of 50 and 9350?
50
What is the highest common divisor of 3647 and 98?
7
What is the greatest common factor of 210 and 960?
30
What is the highest common factor of 161 and 1472?
23
Calculate the greatest common divisor of 1677 and 234.
39
Calculate the greatest common factor of 108 and 297.
27
What is the greatest common divisor of 190 and 1045?
95
What is the greatest common divisor of 132 and 12?
12
What is the greatest common factor of 9 and 3897?
9
What is the highest common factor of 49 and 8183?
49
Calculate the greatest common factor of 52 and 1144.
52
What is the highest common divisor of 323 and 44251?
323
What is the highest common factor of 19 and 5?
1
Calculate the highest common factor of 3 and 384.
3
Calculate the highest common factor of 2043 and 9.
9
What is the highest common divisor of 73 and 19?
1
Calculate the highest common factor of 19738 and 284.
142
Calculate the highest common divisor of 5221 and 46.
23
Calculate the highest common divisor of 204 and 2754.
102
What is the greatest common divisor of 26 and 10894?
26
What is the highest common factor of 36 and 636?
12
Calculate the highest common factor of 2794 and 22.
22
Calculate the highest common divisor of 529 and 575.
23
What is the greatest common divisor of 52 and 1060?
4
What is the greatest common divisor of 136 and 2108?
68
Calculate the greatest common factor of 39 and 351.
39
C